True
Is 888351 prime?
False
Is 928849 a prime number?
True
Is 627755 prime?
False
Is 571161 a prime number?
False
Is 5627 a prime number?
False
Is 10133 composite?
False
Is 205703 a composite number?
False
Is 78271 prime?
False
Is 1193 a composite number?
False
Is 221167 prime?
False
Is 17491 a prime number?
True
Is 60485 composite?
True
Is 8997 a composite number?
True
Is 13963 a composite number?
False
Is 1775387 prime?
True
Is 143201 a composite number?
True
Is 329531 composite?
True
Is 14015 composite?
True
Is 1010237 composite?
False
Is 4849 prime?
False
Is 120761 a composite number?
True
Is 23407 a composite number?
True
Is 261847 a prime number?
True
Is 56977 a prime number?
False
Is 5098 prime?
False
Is 89227 prime?
True
Is 31057 a composite number?
True
Is 26081 composite?
True
Is 147607 composite?
False
Is 89317 a composite number?
False
Is 268351 prime?
False
Is 9913 prime?
False
Is 89431 composite?
False
Is 4163 a composite number?
True
Is 112129 prime?
True
Is 488459 a composite number?
False
Is 40759 a composite number?
False
Is 4391 a composite number?
False
Is 151027 composite?
False
Is 55973 prime?
False
Is 1193 composite?
False
Is 120439 prime?
False
Is 481 a prime number?
False
Is 335459 a composite number?
False
Is 71233 composite?
False
Is 90271 prime?
True
Is 7993 a prime number?
True
Is 671543 prime?
False
Is 3593 a prime number?
True
Is 15859 composite?
False
Is 128591 a composite number?
False
Is 5779 composite?
False
Is 6247 a composite number?
False
Is 319 a composite number?
True
Is 151537 a composite number?
False
Is 186562 composite?
True
Is 4561 composite?
False
Is 3137 a composite number?
False
Is 14173 prime?
True
Is 2918 a prime number?
False
Is 195763 prime?
False
Is 176959 a composite number?
True
Is 538171 composite?
True
Is 13567 a prime number?
True
Is 35099 a composite number?
False
Is 114703 a prime number?
False
Is 8317 a composite number?
False
Is 2391199 prime?
False
Is 41857 composite?
True
Is 6347 prime?
False
Is 1301746 composite?
True
Is 2832167 a prime number?
False
Is 9561 composite?
True
Is 5922383 a composite number?
False
Is 440497 a composite number?
False
Is 50879 composite?
True
Is 43247 a prime number?
False
Is 3049789 a prime number?
True
Is 259535 a composite number?
True
Is 32093 composite?
True
Is 1024577 prime?
True
Is 16771 prime?
False
Is 25769 a prime number?
False
Is 11087 a composite number?
False
Is 184883 a prime number?
False
Is 133357 a composite number?
True
Is 636313 a composite number?
False
Is 144827 a prime number?
False
Is 1602269 prime?
True
Is 9111 prime?
False
Is 13963 a prime number?
True
Is 39707 a prime number?
False
Is 3593 a prime number?
True
Is 613 prime?
True
Is 39493 prime?
False
Is 52519 a composite number?
True
Is 9517 composite?
True
Is 2323 prime?
False
Is 46171 composite?
False
Is 785831 composite?
True
Is 157 a prime number?
True
Is 3865 a prime number?
False
Is 39529 a prime number?
False
Is 101713 a composite number?
True
Is 38903 a prime number?
True
Is 76903 composite?
True
Is 7621 composite?
False
Is 63277 prime?
True
Is 191227 prime?
True
Is 31567 composite?
False
Is 1457 prime?
False
Is 1381 composite?
False
Is 13466 composite?
True
Is 343927 prime?
False
Is 15703 a prime number?
False
Is 563219 prime?
True
Is 43667 prime?
False
Is 965183 prime?
False
Is 67649 prime?
False
Is 2939 prime?
True
Is 507461 composite?
False
Is 1535098 a composite number?
True
Is 8885 composite?
True
Is 220159 composite?
True
Is 314229 composite?
True
Is 476369 a prime number?
True
Is 15511 prime?
True
Is 86234 composite?
True
Is 119147 composite?
True
Is 47381 a prime number?
True
Is 98351 a prime number?
False
Is 952313 prime?
True
Is 794957 prime?
True
Is 44351 composite?
False
Is 1054243 prime?
True
Is 173473 composite?
False
Is 16603 a composite number?
False
Is 23887 prime?
True
Is 42239 a composite number?
False
Is 757121 a composite number?
True
Is 78643 prime?
True
Is 6899 composite?
False
Is 189613 a prime number?
True
Is 505063 a prime number?
False
Is 8817 prime?
False
Is 1416667 a prime number?
False
Is 12881 a composite number?
True
Is 22863 prime?
False
Is 66529 a composite number?
False
Is 1063246 prime?
False
Is 28321 prime?
False
Is 253901 a composite number?
False
Is 43427 composite?
False
Is 5749085 a composite number?
True
Is 2921 prime?
False
Is 19031 composite?
False
Is 229979 prime?
True
Is 60337 composite?
False
Is 343217 prime?
False
Is 8263 a composite number?
False
Is 35201 a prime number?
True
Is 228829 a composite number?
False
Is 17623 a prime number?
True
Is 53063 prime?
False
Is 457 a prime number?
True
Is 76337 a composite number?
True
Is 306777 prime?
False
Is 43097 prime?
False
Is 886 a prime number?
False
Is 9391 prime?
True
Is 22511 a prime number?
True
Is 301115 composite?
True
Is 673 composite?
False
Is 26283 a prime number?
False
Is 368497 a composite number?
True
Is 983 a composite number?
False
Is 24602 prime?
False
Is 1232213 a prime number?
True
Is 3341839 composite?
False
Is 289717 composite?
False
Is 59509 composite?
False
Is 20593 prime?
True
Is 897113 prime?
False
Is 166715 a composite number?
True
Is 15658 composite?
True
Is 653789 composite?
False
Is 16253 composite?
False
Is 53437 a prime number?
True
Is 350197 composite?
True
Is 13303 a composite number?
True
Is 25561 composite?
False
Is 11633 prime?
True
Is 2417 a prime number?
True
Is 26671 a composite number?
True
Is 373435 a composite number?
True
Is 437555 composite?
True
Is 996589 a prime number?
False
Is 610177 prime?
False
Is 378254 composite?
True
Is 930689 a prime number?
True
Is 8637 a composite number?
True
Is 5981 prime?
True
Is 778163 composite?
False
Is 324053 prime?
True
Is 16622 prime?
False
Is 22271 a composite number?
False
Is 66217 prime?
False
Is 396283 composite?
True
Is 3299 a composite number?
False
Is 54062 a prime number?
False
Is 17273 a prime number?
False
Is 18409 a prime number?
False
Is 629483 a prime number?
True
Is 49949 prime?
False
Is 127363 a composite number?
False
Is 17483 a prime number?
True
Is 213637 a composite number?
False
Is 20283 composite?
True
Is 2273651 prime?
True
Is 30307 a prime number?
True
Is 3557 prime?
True
Is 391151 a prime number?
True
Is 917 prime?
False
Is 99683 composite?
True
Is 30035 composite?
True
Is 897943 a prime number?
False
Is 579247 a prime number?
False
Is 149297 composite?
False
Is 3433 prime?
True
Is 2453 composite?
True
Is 10195 a prime number?
False
Is 431033 a prime number?
False
Is 347223 a prime number?
False
Is 27899 composite?
True
Is 7913 prime?
False
Is 39778 prime?
False
Is 50371 prime?
False
Is 75149 prime?
True
Is 12797 composite?
True
Is 271097 a prime number?
True
Is 185051 a prime number?
True
Is 6718 composite?
True
Is 378593 a prime number?
True
Is 3777 a prime number?
False
Is 176371 a composite number?
True
Is 16499 a prime number?
False
Is 5579 composite?
True
Is 23554 prime?
False
Is 237821 a composite number?
False
Is 131 a composite number?
False
Is 48907 a prime number?
True
Is 572207 composite?
False
Is 879817 prime?
True
Is 11341 a composite number?
True
Is 24011 a composite number?
True
Is 14998 composite?
True
Is 552071 a prime number?
False
Is 324239 prime?
True
Is 477131 a prime number?
True
Is 8663 composite?
False
Is 4069 a composite number?
True
Is 120493 prime?
False
Is 11105 prime?
False
Is 691 a composite number?
False
Is 4441 a composite number?
False
Is 358147 a composite number?
True
Is 2773 a prime number?
False
Is 1988759 a prime number?
True
Is 721099 prime?
False
Is 1090303 prime?
True
Is 109267 prime?
True
Is 2117 prime?
False
Is 19847 a prime number?
False
Is 406967 prime?
False
Is 61751 prime?
True
Is 33103 composite?
True
Is 64795 prime?
False
Is 1543 a prime number?
True
Is 892877 composite?
False
Is 26759 a composite number?
False
Is 5435 composite?
True
Is 21302 a prime number?
False
Is 244813 prime?
True
Is 319747 a prime number?
True
Is 859291 prime?
False
Is 112459 a composite number?
False
Is 571 composite?
False
Is 600085 a composite number?
True
Is 2843 composite?
False
Is 5381 composite?
False
Is 17481 prime?
False
Is 22267 prime?
False
Is 61343 composite?
False
Is 230273 a prime number?
True
Is 31973 composite?
False
Is 451 a com